266. Suppose 3*b + d = 128. List the prime factors of b.
2, 3, 5
Suppose t = 2*f - 81505, 207*f = 211*f + 4*t - 163004. What are the prime factors of f?
2, 3, 283
Let z = 62227 + -30381. What are the prime factors of z?
2, 15923
Let j(p) = 30*p - 26. Suppose 8*i - 62 - 26 = 0. List the prime factors of j(i).
2, 19
What are the prime factors of 441545/45 + 2*3/108*-2?
2, 11, 223
Let v = -3290 + 5860. Let g(r) = -r**2 + 39*r + 128. Let z be g(42). Suppose -v = -12*s + z*s. What are the prime factors of s?
257
Let o be 5/(-3) + 1600/240. Let i be 134/(1/12*3). Suppose 3*f + 7*t - i = o*t, 4*t = -f + 172. List the prime factors of f.
2, 3, 5
Let p(t) = -491*t + 1 - 5 + 492*t + 18*t**2. Let k be p(-3). What are the prime factors of (-3441)/k*(1/1 - 6)?
3, 37
Suppose -158*w + 70*w + 3967568 = 0. List the prime factors of w.
2, 22543
Suppose -11*o = -o - 860. Let c = 183 - o. What are the prime factors of c?
97
Let w(d) be the first derivative of -d**3/3 - 5*d**2/2 - 14*d + 9. Let l(g) be the first derivative of w(g). List the prime factors of l(-6).
7
Suppose 4*c + c - 560 = 0. Let f = c - 181. Let g = -63 - f. List the prime factors of g.
2, 3
Let g be 5 - (7 - -7)/7. List the prime factors of (0 - g)*((-72)/27 + -10).
2, 19
List the prime factors of ((-4)/(-3))/(1368/64410) - 2/(-9).
3, 7
Let o = -47 + 87. Let f = -15 + o. Suppose -f*k = -23*k - 88. What are the prime factors of k?
2, 11
Let z be ((-1)/(-7) + -1)*-63. What are the prime factors of 2528/6 + -8*9/z?
2, 3, 5, 7
Suppose 1111460 = -12*l + 82*l. What are the prime factors of l?
2, 17, 467
Let p(c) = -218*c - 15222. What are the prime factors of p(-174)?
2, 3, 5, 757
Suppose -86 = -5*i - 66, 2*r - i = 7454. List the prime factors of r.
3, 11, 113
Suppose -36881 = -3*g - 2*i, -48*g + 53*g = -2*i + 61459. What are the prime factors of g?
12289
Let c(a) be the second derivative of 11/6*a**3 - 3*a + 2*a**2 + 0 + 5/12*a**4. What are the prime factors of c(-5)?
2, 37
Let f(k) = 1076*k**3 + 6*k**2 + 10*k - 3. List the prime factors of f(2).
3, 31
Let f(o) = 5*o**2 + 13*o + 8. Let s be f(-11). Let z be 1*s + 0/(-4). Suppose -2*y + 308 = -2*l, l - 2*l - z = -3*y. What are the prime factors of y?
2, 79
Suppose 2*q - 29682 = -2*n, -3*q + 37489 + 7024 = -2*n. List the prime factors of q.
11, 19, 71
Suppose -1041*t + 1094*t - 2799354 = 0. List the prime factors of t.
2, 3, 8803
Let c be (363 + 11)*(-3)/(-6). Suppose -4*f = g - c - 266, -5*f + 567 = 2*g. What are the prime factors of f?
113
Let q(w) = -1. Let g(n) = n**2 - 16*n - 21. Let k(a) = -g(a) + q(a). Let v(o) = o**2 - 10*o + 10. Let d be v(10). List the prime factors of k(d).
2, 5
List the prime factors of (1 + (-41)/5)*(-851775)/246.
2, 3, 5, 277
Let u(w) = 21*w**2 + 37*w + 267. List the prime factors of u(-18).
3, 5, 7, 61
Let x = 66 + -66. List the prime factors of 517 + 20 + x + -3.
2, 3, 89
Let o = -350 - -272. Let b = o + 155. What are the prime factors of b?
7, 11
Suppose -6*s - 4*s - 91306 = -11*s. What are the prime factors of s?
2, 71, 643
Let j = 5902 + 1907. What are the prime factors of j?
3, 19, 137
Suppose -14*w + 453 + 1535 = 0. Suppose -w - 460 = -7*h. List the prime factors of h.
2, 43
Let q be 2/(-5) + (-20746)/(-115). List the prime factors of (6 + 0 + q)/(12/16).
2, 31
Let a be (-48)/168 + (-72)/(-7). Suppose 0 = 5*i + 4*l - 2488, a*l - 7*l + 2474 = 5*i. What are the prime factors of i?
2, 31
Suppose 2*t - 5*o = -2*t + 22, -2*t + 10 = -3*o. Suppose -5*h = t*h - 15301. List the prime factors of h.
11, 107
List the prime factors of (-5 + 6)*12345*(-1 + (-5)/(-3)).
2, 5, 823
Suppose -5*y = 4*i - 8*y - 34492, 0 = -3*i + 3*y + 25869. What are the prime factors of i?
8623
Suppose -1559296 - 224240 = -12*k - 12*k. What are the prime factors of k?
2, 73, 509
List the prime factors of (-15)/135*(0 + -3)*(-16374)/(-2).
2729
Let k(u) = 5*u**2 - 116*u + 82. List the prime factors of k(29).
13, 71
Let m = -109718 - -171120. List the prime factors of m.
2, 11, 2791
Suppose -14 = -2*n, 2*g - 63*n + 66*n - 7889 = 0. What are the prime factors of g?
2, 7, 281
Let s = 29483 - 13846. List the prime factors of s.
19, 823
Let c = 42 - -58. Let g = c - 97. Suppose 5*w - g*w = -5*h + 785, 4*w - 640 = -4*h. List the prime factors of h.
5, 31
Suppose p - 4*z = 3*p + 82, 0 = 5*p - 2*z + 157. Let m(r) = -r**3 - 34*r**2 - 39*r - 66. List the prime factors of m(p).
2, 3, 11
Let s(c) be the first derivative of c**2/2 + 3*c - 1. Let h be 2*(-20 + 24)/(2/4). List the prime factors of s(h).
19
Suppose 704841 + 16551 = 75*i - 37*i. What are the prime factors of i?
2, 3, 7, 113
Let t be 1 + 37/(-2)*-4. Let u = t - 75. Suppose u = -4*p + 2*b - 39 + 409, 3*p - 267 = -2*b. What are the prime factors of p?
7, 13
Suppose 4*j + 624 + 13402 = 2*t, j - 7013 = -t. What are the prime factors of t?
7013
Let o be (0 + (-6)/(-9))/((-6)/(-81)). Suppose -6*d = -o*d - 309. Let u = d - -201. List the prime factors of u.
2, 7
Let k(n) = n**3 + 80*n**2 - 127*n + 418. List the prime factors of k(-78).
2, 5623
Let n(h) = h**2 - h + 186. Let u be n(0). Suppose 0 = -2*b + u - 42. Suppose 3*f = b + 123. What are the prime factors of f?
5, 13
Suppose -2*o + 42 - 26 = 0. Suppose a - o = -0*a. Let s(j) = j**3 - 6*j**2 - 6*j - 5. What are the prime factors of s(a)?
3, 5
Let k(p) = -2*p**3 - 6*p**2 - 7*p + 7. Let u be k(7). Let f = -576 - u. What are the prime factors of f?
2, 223
Suppose 10 = 5*y, 2*j = 3*j - 2*y - 4. Let f be 1*j/(3 - -1). What are the prime factors of 5 - (2 - f)/(-5)?
5
Let n = 4659 + -3099. List the prime factors of n.
2, 3, 5, 13
Let t(z) = z**3 + 5*z**2 - 6*z + 12. Let u be t(-6). Suppose -u = -h - 0. Let p(f) = 13*f - 17. What are the prime factors of p(h)?
139
Let u(o) = -o**3 + 2*o**2 + 1310. Let a be u(0). Suppose -2*t - 3*t = -a. Suppose 10*g - 1632 = -t. List the prime factors of g.
137
Suppose -188*c = -5775008 - 7157136. List the prime factors of c.
2, 29, 593
Let z(k) = k**2 + 18*k + 34. Let b be z(-16). Suppose 4*q - b*q = -i + 28, -2*i + 4*q = -16. List the prime factors of i.
2, 3
Let u(r) = -r**3 + 3*r**2 + 126*r + 44. What are the prime factors of u(-15)?
2, 19, 29
Suppose 5*z = -1938 - 2397. Let c = -153 - z. Suppose -3*y + 9*y - c = 0. What are the prime factors of y?
7, 17
Let a = 45673 + -26971. List the prime factors of a.
2, 3, 1039
Let l(s) = -s**3 - 20*s**2 + 21*s + 29. Let b be l(-21). Suppose b*f - 32*f = -1116. List the prime factors of f.
2, 3, 31
Let t = 16444 + -9529. List the prime factors of t.
3, 5, 461
Let o = -160 - -9029. List the prime factors of o.
7, 181
Let s(y) = 29*y + 9. Suppose 38 = 4*h - 2*c, -8*h + 64 = -3*h + 3*c. List the prime factors of s(h).
2, 41
Suppose 5*y = -4*n - 21, y + 6 - 1 = 0. List the prime factors of -5 + 11 + n + 440.
3, 149
Suppose 8 = -f + 2*y, y - 1 = -3*f + 10. Let o be (15/(-6) - -3)*(2 + f). Suppose -3*r - 5*t = -204, -5*r + o*t - 5*t = -356. List the prime factors of r.
73
Let t(w) = 21*w**2 - 47*w - 10. Let j = -199 - -206. What are the prime factors of t(j)?
2, 3, 5, 23
Suppose 7*d = -0*d + 665 + 57946. What are the prime factors of d?
3, 2791
Suppose -32*j = -21609 - 16887. Let p = j + -505. List the prime factors of p.
2, 349
What are the prime factors of 57173 - (-28)/(-10)*60/(-264)*-11?
2, 101, 283
Let j = 282 - 42. Suppose 0 = 9*z - 5*z - j. What are the prime factors of z?
2, 3, 5
What are the prime factors of 2217*((-14)/(-49))/(3/28)?
2, 739
Suppose -3904*w + 3906*w - 124258 = 0. What are the prime factors of w?
62129
Let j(o) = 102*o**3 + o**2 + 1. Let i be j(-2). Let g = i + 1435. List the prime factors of g.
2, 3, 13
Let q = -54 + 51. Let u be q - (-2 - 3/(-1)). Let y = 145 + u. What are the prime factors of y?
3, 47
Let l = 128 - 68. Let s(b) = b**3 - 12*b**2 - 20*b - 80. Let a be s(14). Let o = a + l. What are the prime factors of o?
2, 23
Suppose 4*y - 5*u - 124573 = 0, -y - 3*u + 2266 + 28856 = 0. List the prime factors of y.
3, 97, 107
Let t = 104 + -102. Suppose -3*u = -3*c - 408, t*c = u - 172 + 41. What are the prime factors of u?
3, 47
Let r(t) = 2*t**2 + 78*t + 3802. List the prime factors of r(0).
2, 1901
Let d = 17 + -27. Let c = d + 30. List the prime factors of 5/(c/158)*2.
79
Suppose -5*r + 2*r + 463 = 5*g, 821 = 5*r - 4*g. Let q(v) = -13*v + 40. Let w be q(12)